e
Let g be (2 + (-13 - -1))/(-2). Suppose g - 3 = v. Suppose v*j - 55 = 123. Is j composite?
False
Is ((-1060)/80)/(2/(-56)) a composite number?
True
Let c(w) = w**2 + 10*w + 18. Let s be c(-8). Suppose -d - 240 = -2*m - s*d, d = -m + 121. Is m a prime number?
False
Let a(p) = p**3 + 13*p**2 - 20*p - 1. Is a(-14) prime?
True
Is 18/12*13828/6 + 0 prime?
True
Let c = 19 - -31. Suppose c = -7*v + 9*v. Is v prime?
False
Let q = 48 + 289. Is q prime?
True
Let m = -436 - -1119. Is m prime?
True
Is (3 - 2)*(-502)/(-2) a prime number?
True
Let n = 3414 - 1781. Is n composite?
True
Is 2 - (-2)/((-6)/(-2751)) a prime number?
True
Let l(h) = -h**3 + 9*h + 11. Is l(-8) prime?
False
Suppose 0 = -2*i - 1 + 7. Suppose 0 = 2*b - i*b + 1. Is (-5)/((-8)/6 + b) a prime number?
False
Let w(b) = 90*b**3 + 2*b**2 - 1. Let f(i) = -i**3 - 5*i**2 - i - 4. Let v be f(-5). Let z be w(v). Let d = -8 + z. Is d a prime number?
True
Let d be (-4)/26 - 197/(-13). Let p = 21 - d. Is p a composite number?
True
Let h be (-2)/5 - 5424/40. Is (h - -2)*(-1)/2 a prime number?
True
Let w = -1 - -3. Suppose 9 - 1 = w*r. Suppose m = u + 24, r*m - u = u + 94. Is m a composite number?
False
Suppose 1182 + 39 = g - 5*s, 5*s = -5*g + 6045. Is g a prime number?
False
Suppose 0 = -5*m + 2 - 12. Let d = 32 - m. Is d a composite number?
True
Suppose 5 = k + 2*d, k = -2*d + 4*d - 3. Let a = 0 + k. Is a/((-3)/(-9)*1) composite?
False
Let j(w) = 2*w - 12. Let x be j(7). Suppose -x*o = -0*o - 66. Is o prime?
False
Let j(k) = 6*k**2 + 3*k + 6. Let y be j(5). Suppose 3*q = -0*q + y. Is q a composite number?
True
Let n be 2/13 + 258/13. Suppose -5*t - n + 415 = 0. Is t prime?
True
Suppose -503 = 6*c - 7*c + 2*l, -4*l - 507 = -c. Is c prime?
True
Suppose -5*f + 1265 = 5*t, 253 = f + 4*t - t. Is f a composite number?
True
Is (-1 - 1)/(46/(-2001)) prime?
False
Let m be 1 + -1 - (-1 + -1). Let l(w) = -2*w**2 + 4*w - 3. Let a be l(m). Let q(g) = -g**2 - 6*g + 1. Is q(a) composite?
True
Suppose -3*i - 4 - 8 = 0. Let y be 7*i*33/(-14). Suppose 4*g + 3*f = 533, 4*f = g + y - 185. Is g prime?
True
Let j = 93 - 46. Is j prime?
True
Let p = -3 + 5. Let c(r) = 33*r**3 - 1 - 5 - 2*r - p*r**2 + 7. Is c(2) a composite number?
True
Suppose 3*x - 223 = 290. Let s be -2 + (2 - 2) + x. Suppose 0 = -3*h - a + s + 215, 3*a = 5*h - 626. Is h a prime number?
True
Let p be ((-17)/2)/((-2)/(-4)). Let n = p - -26. Is 18/4*12/n prime?
False
Let i be (-1670)/(-4)*(-12)/(-15). Let d = i + -219. Is d a prime number?
False
Let m(r) = -r**3 + 6*r**2 - 2*r + 4. Let g be (3/9)/(1/12). Let j be m(g). Is j - (-1)/(2/(-4)) a composite number?
True
Suppose -3*i + 1267 = 2*q, 0 = 4*i + 4*q - 383 - 1313. Is i a composite number?
False
Suppose 5*p + 1070 = -2*u + 3649, -5200 = -4*u + 4*p. Is u a prime number?
True
Let f(q) = q**2 + 7*q + 8. Let a be f(-6). Suppose 2*b + 3*b + 4*j - 10 = 0, -3*j + a = b. Suppose -4*z - 60 = -b*c, 130 = 5*c - 6*z + z. Is c a prime number?
False
Let a(u) = -2*u**2 + u. Let n be a(-2). Let s(c) = -c**3 - 9*c**2 - c - 13. Is s(n) a composite number?
False
Let g be (2/3)/(6/81). Suppose 2*v + 3*u + 9 = 0, 5*v + 5*u + g = -1. Suppose 2*y - v*l = -y + 48, 2*y = -4*l + 26. Is y composite?
True
Let c be 0 - 12/(-9)*-42. Let o = c + 93. Is o a composite number?
False
Suppose 114 = 3*d - d. Suppose 0 = -3*b + d + 1200. Is b prime?
True
Suppose 3*q - q = -138. Let f = q + 212. Is f a composite number?
True
Let j(y) = -3*y**3 - 4*y**2 + 2*y - 1. Let f be 12/9*12/(-4). Is j(f) a composite number?
True
Suppose 0*a - 3*a + 6 = 0. Suppose -g - 5*d - 575 = a*g, g = d - 181. Let k = -106 - g. Is k a prime number?
True
Let p(c) be the third derivative of 29*c**5/60 + c**4/8 + c**3/2 - c**2. Is p(-2) a prime number?
True
Is (2788/16)/((-2)/(-8) + 0) a prime number?
False
Suppose 5*p - 3512 = 4493. Is p prime?
True
Suppose 4*c - 317 = -m + c, -4*c + 1585 = 5*m. Is m a prime number?
True
Let m(x) = -x**3 - 6*x**2 - 6*x + 5. Let o(i) = -i**2 + 7*i + 3. Let u be o(8). Is m(u) prime?
False
Let f be (-74)/(-14) - 6/21. Suppose -f*h + 2*x - 6 = -1853, -2*x = 3*h - 1121. Is h prime?
False
Let i(q) = -3*q**3 + 2*q**2 - q - 7. Suppose -2*x = 11 - 1. Let a be i(x). Suppose 3*l + 60 - a = 0. Is l prime?
False
Let a be (5 - (-16)/(-4))*0. Suppose 5*q - 106 - 59 = a. Is q prime?
False
Let a be 5/(-20) + 2322/8. Suppose 0 = k + 2*k - 5*i - a, 5*i + 385 = 4*k. Suppose -4*g - g = -k. Is g prime?
True
Suppose 280 = l + 2*i - 233, -2 = i. Is l a prime number?
False
Let j(i) = i**3 + 4*i**2 + 2*i - 1. Let s be j(-3). Let q(w) = -w**3 + 4*w**2 + 3. Let g be q(4). Suppose g*l - 25 = s*l. Is l composite?
True
Suppose -h - 120 = 2*h. Let y = -26 - h. Is y a composite number?
True
Let u(x) = 2*x - 2. Let j be u(3). Suppose -j*t + t = -201. Suppose m = -0*m + t. Is m a prime number?
True
Suppose -3*p + 1891 = -536. Is p a composite number?
False
Let h(v) be the third derivative of v**5/60 + 5*v**4/24 - 10*v**3/3 + 2*v**2. Is h(9) a prime number?
False
Let z(s) = s - 2 + 3 + 1. Let i be z(0). Is 20 - (i - (0 + 1)) a prime number?
True
Suppose 0 = 2*r + r, 4*p = -4*r + 2620. Is p a prime number?
False
Suppose 2*j - 3*j = -2*p + 9, 2*p + j = 11. Suppose 1764 = p*y + c, -2*y - c + 709 = -4*c. Is y a composite number?
False
Let i = -7 + 11. Let h be (i - 1)*2/(-3). Is (-34)/(-6) - h/6 composite?
True
Suppose -5*f + 5*z = -4 - 11, -3*f - 5*z + 9 = 0. Suppose -n + 0*t = 4*t + 14, -2*n = -f*t - 16. Is (4/n)/2 + 38 a prime number?
False
Let s = 132 + 31. Is s prime?
True
Let x = 0 + 33. Let b = x - 18. Is b prime?
False
Is (-2)/((4/1103)/(-2)) prime?
True
Let m(p) = -p**2 + 3*p + 12. Let j be m(6). Is (j/8)/(1/(-44)) composite?
True
Let d(m) = -24*m**2 - 7*m - 13. Let u(p) = -6*p**2 - 2*p - 3. Let l(w) = 2*d(w) - 9*u(w). Is l(3) composite?
False
Let b(v) = 3*v**3 + 4*v**2 - 2. Let f be (2 - 3)*(-6)/(-2). Let a be b(f). Let r = a - -116. Is r a composite number?
True
Suppose -5*h + 838 = -c, 0 = 2*h - 5*h + 2*c + 507. Is h a prime number?
True
Suppose -3*b + 1586 = -t, b - 534 = -9*t + 4*t. Is b composite?
True
Let v = 35 + -19. Is -258*(-3 + v/6) composite?
True
Suppose 4*r - 728 = 4*y, 2*r + 2*y - 272 = 80. Is r a prime number?
True
Let x(c) = -3*c + 8. Let l be x(-9). Suppose 7*o = 2*o - 25, 3*b = 4*o + l. Suppose 2*y + b - 35 = 0. Is y prime?
False
Suppose 0 = -4*v + 21 - 9. Suppose 6*z = -4*j + 4*z + 146, v*j - 4*z - 82 = 0. Is j a composite number?
True
Suppose 956 = 3*a - 1705. Is a composite?
False
Suppose 0 = 5*f + 927 - 162. Is 1 - 3 - 2 - f prime?
True
Suppose 5*z - 212 = z + 2*a, 0 = -a. Is z a composite number?
False
Let h be 2/(-1 + (1 - -1)). Suppose 1 = h*f - 9. Suppose -5*t - o + 291 = 3*o, 2*o - 283 = -f*t. Is t a composite number?
True
Let j(w) = 6*w**2 + 6*w - 5. Let m be j(-5). Suppose 4*o - f = 9, -3*o - 4*f + 12 + 9 = 0. Suppose 0*p = p + 2*k - m, -3*p + o*k = -345. Is p a prime number?
False
Let r(w) = -w**3 + 4*w**2 + 8*w - 7. Let j be r(8). Let h = -56 - j. Is h a composite number?
True
Let g(l) = -l**3 + 10*l**2 + 9*l - 13. Let u be ((-72)/(-30))/((-2)/10). Let n be (u/(-16))/(1/12). Is g(n) a prime number?
True
Let m = 27 + 49. Is (-16 + 2)*m/(-8) composite?
True
Let t(p) = 68*p**2 - p. Let l(u) = u**2 + 6*u + 6. Let b be l(-5). Is t(b) a composite number?
False
Suppose 10*q - 609 = 3*q. Is q prime?
False
Suppose 2*w = 6*w - 100. Is w a prime number?
False
Suppose 0 = 3*y + 4*r + 8, 2*y + 1 = -2*r - 1. Suppose -h - 83 = -4*p, 0 = y*p + 3*h + h - 108. Is p composite?
True
Suppose 0 = 23*v - 24*v + 839. Is v a composite number?
False
Let a = 382 + -1. Is a a prime number?
False
Suppose 0 = l - 11 + 5. Suppose -l*o + 130 = -4*o. Is o a composite number?
True
Suppose -321 - 657 = -6*x. Is x composite?
False
Let w = -4 - -6. Suppose -w*p = -p. Suppose -6 = -r - p*r. Is r prime?
False
Let h be (0 + -2 - 85)*-3. Let f be 37 + (-6)/(-3) + -1. Let x = h - f. Is x a composite number?
False
Suppose -3*a + 12 = -5*v, v = 3*v - 2*a + 8. Suppose -5*m - 2*d + 463 = v, 3*m = 5*d - d + 257. Is m a composite number?
True
Let k(f) = 548*f - 7. Is k(1) prime?
True
Suppose 2*m - 4*m = 0. Let g be -7*1 + m - -1. Let y = g - -59. Is y a prime number?
True
Let c be (64/(-6))/((-5)/(-15)). Let m = -1 - c. Is m composite?
False
Let m(l) = 13*l**2 + 5*l + 1